 the highest common divisor of 17 and q.
17
Let r be ((-15)/(-6))/((-2)/(-24)). Let z(x) = -6*x + 32. Let f be z(9). Let a = r - f. What is the greatest common divisor of a and 26?
26
Let y(h) = 4*h**2 - 29*h + 167. Let s be y(0). What is the greatest common divisor of 3841 and s?
167
Suppose -323 = 23*u - 116. Let n be ((u + 18)/9)/((-2)/(-60)). What is the highest common factor of n and 12?
6
Suppose -2*u - 8 = 0, -21 = 2*t + 4*u - 611. Calculate the highest common factor of 707 and t.
101
Let j(v) = 4*v**2 + 5*v - 39. Let t be j(-8). Let b = t + -162. Let g be (-3)/(-2)*(-4)/(-2). What is the greatest common divisor of b and g?
3
Let s = -675 - -680. Suppose -s*r - 365 - 149 = -2*b, -4*r = 8. What is the highest common factor of 70 and b?
14
Suppose 2*a + 5*t = 1538, -4*a + t = -0*a - 3098. What is the greatest common divisor of 9 and a?
9
Let c(p) = 18*p + 66. Suppose 5*r + 6 = 4*z, -4*r - 2*z - 3 = 7. Let x be c(r). What is the greatest common factor of x and 24?
6
Let b(i) = -6*i**2 - 36*i + 48. Let w(c) = -c**2 - c. Let u(a) = -b(a) + 8*w(a). Let f be u(11). Calculate the greatest common divisor of f and 2.
2
Suppose -3 = -q - 0. Let d be (-1)/(-7) - (-888)/56. Suppose k + 15*w = d*w + 6, -9 = -k + 2*w. What is the highest common factor of k and q?
3
Suppose -2*a = 4*c - 42070, -2*c + 21063 = -35*a + 32*a. What is the greatest common divisor of c and 126?
63
Suppose 67*w - 62*w = -b + 103, 0 = 4*b - 3*w - 297. Calculate the highest common factor of b and 114.
6
Let x = -322 - -328. Let d be (-3)/(232/(-240) - (-4)/x). Calculate the greatest common factor of 90 and d.
10
Suppose -5*k - 4*t - 396 = 0, 2*k = -0*k - 3*t - 157. Let j be (0 - 2)/(32/k). Suppose 8*z - 531 + 171 = 0. Calculate the greatest common factor of j and z.
5
Suppose 13*h + 1207 = 2390. Calculate the highest common factor of h and 8099.
91
Let n be -1*(-4)/(4/53). Let b be (-4)/(-5)*(5 + 5). Suppose b*m - 2716 + 596 = 0. Calculate the greatest common factor of n and m.
53
Suppose 231 + 324 = 3*w. Let m be (30/2070*-115)/(5/(-222)). What is the greatest common factor of m and w?
37
Let m = 61 + -79. Let x = m - -27. Calculate the greatest common divisor of 9 and x.
9
Let c(i) = 126 - 10 + i**3 - 28*i**2 + 5 - 7 - 20 - 2*i. Let o be c(28). Calculate the highest common divisor of o and 608.
38
Let q(v) = -9*v - 6. Let y be q(-6). Suppose -3 = -j - 1. Suppose 3*s = 2*g - 0*g - 32, 4*g - j*s - 64 = 0. Calculate the highest common divisor of g and y.
16
Let q = 163 + -162. Suppose -4*g + 2*g + 187 = -5*x, q = -x. Calculate the highest common divisor of 26 and g.
13
Suppose -4*b - 159 = -967. Suppose -2*l - b = -2*r, 47*r + 98 = 48*r - 2*l. Calculate the greatest common factor of r and 8.
8
Let d be (11*(-3)/33)/(4/(-1624)). Calculate the greatest common divisor of 1334 and d.
58
Let a(w) = -1241*w + 68. Let o be a(-5). Calculate the greatest common divisor of o and 82.
41
Let z be -9 + 40070*(-17)/(-680) + (-10)/(-8). Let b(t) = -t**2 + 12*t + 3. Let p be b(11). Calculate the highest common factor of p and z.
14
Let n be (-10 + 1)*(-3 - 71). Suppose 0 = 4*h + 3*s - 142, 10*s - 4 = 12*s. What is the highest common divisor of h and n?
37
Let l(y) = 77*y**2 + 174*y - 1048. Let f be l(6). What is the highest common divisor of 173 and f?
173
Let h = 8128 + -8062. What is the greatest common factor of h and 110?
22
Suppose -3*j = 2*p - 29, -18*j = 4*p - 14*j - 56. What is the highest common divisor of p and 1664?
13
Let u be ((-4)/(-3))/(13/((-1755)/(-12))). Suppose 5*k = 2*a + 1064, -u*k + 4*a - 628 = -18*k. Calculate the highest common factor of 4 and k.
4
Let b(s) = 3*s**2 - 6*s + 8. Let f be b(-6). Let w be 11856/260*((-3)/(-6) - -2). What is the greatest common divisor of f and w?
38
Let z = -8646 + 8660. Calculate the highest common divisor of 931 and z.
7
Let z(o) = -o**3 + 15*o**2 - 39*o - 12. Let q be z(9). What is the greatest common divisor of q and 10045?
41
Let v be ((-2704)/(-40))/((-12)/(-30)). Suppose 7*b = 2*b + 65. Calculate the greatest common divisor of v and b.
13
Suppose 5*h + 4*n - 52 = 0, 3*h - 3*n + 1 = 16. Suppose h*p - 12 = 92. Calculate the highest common divisor of 299 and p.
13
Let r(x) = x**2 + 21*x + 153. Let f be (-6)/8*(54 + -34). Let t be r(f). What is the greatest common factor of 252 and t?
63
Suppose 10*d = 7*d + 45. Let i = -111 + 93. Let x be 135/i*(0 - 2). What is the greatest common divisor of d and x?
15
Suppose 4*g - 12 = -2*u, 28*u - 12 = -2*g + 30*u. Let r be g/(((-1)/145)/(30/(-100))). Calculate the greatest common factor of r and 12.
6
Let r = -8086 - -8302. Calculate the greatest common factor of 128 and r.
8
Let d be ((-33915)/(-14))/(-4*6/(-64)). Calculate the highest common divisor of d and 68.
68
Let j be (10/4 + -3)/((-3)/12). Let i be (-2)/9 + j + 370/45. Let c be i*((-96)/(-20))/4. What is the greatest common divisor of c and 3?
3
Let b(z) = 9*z**2 + z + 5. Let q be b(4). Suppose 8*t = -o + 260, 75*t = 3*o + 79*t - 640. What is the greatest common factor of o and q?
51
Suppose -3*a - 4*i = -1464, -2*a + 3*i - 976 = -4*a. Let t = -38 + a. Let f = t + -219. Calculate the highest common divisor of f and 33.
33
Let q(c) = 48*c + 243. Let g be -2 + 1 + -4*(5 + -4). Let y be q(g). Calculate the greatest common factor of 7 and y.
1
Suppose 3*a - k = -5*k - 431, 3*a + 417 = 3*k. Let p = a - -157. Calculate the highest common divisor of p and 28.
4
Let l = 103 + -100. Suppose -4*f - f = -l*u + 69, -3*u + 45 = 3*f. What is the greatest common divisor of u and 27?
9
Let w = -881 - -893. Calculate the highest common divisor of w and 15108.
12
Let m = -27708 + 27971. What is the highest common factor of 12098 and m?
263
Let p = 7 - 0. Suppose g + 5*m - 7*m - 16 = 0, g = -2*m. Suppose p*u - 6*u - g = 0. Calculate the greatest common factor of u and 72.
8
Suppose -3*y = -h + 2, 4*h + 10*y - 64 = 8*y. Let x be ((-35)/h)/((-8)/80). Calculate the highest common divisor of x and 10.
5
Suppose 35*w + 5*b = 33*w + 149, -15 = 3*b. Suppose 18*v - 2 = 16*v, -5*c + 5654 = -v. What is the highest common divisor of c and w?
87
Let b = -10 - -14. Suppose b*n - 24 = -4*o, -5*o + 4 = 4*n - 27. Let h(k) = 13*k**2 + 140*k + 2. Let d be h(-11). What is the greatest common factor of o and d?
7
Let c(v) = -v**3 + 14*v**2 - 7*v - 81. Let x be c(8). Suppose -3*s = 3*j - 129, -5*s - 97 = 2*j - 5*j. Calculate the highest common divisor of j and x.
13
Suppose 3*x + 3*l = 117, 2*x - l - 39 = 30. What is the greatest common divisor of 801 and x?
9
Let v be 0*((-11 - -4) + 6). Suppose 87*w + k = 88*w - 1089, -3*w + k + 3265 = v. What is the highest common factor of 64 and w?
64
Suppose 26*j = -33920 + 222472. Calculate the greatest common divisor of 296 and j.
148
Suppose 271*j - 263*j - 5*p - 1719 = 0, j = 3*p + 222. Calculate the highest common divisor of j and 710.
71
Suppose 360*o - 36918 = 18728 - 14606. Calculate the greatest common divisor of o and 56544.
114
Let x = -251 + 112. Let v = -76 - x. Calculate the highest common factor of v and 252.
63
Let m(o) = 5*o + 24. Let v be m(-5). Let b be (120/(-200))/(v - 308/(-310)). Let p = b - 58. What is the highest common factor of p and 7?
7
Let q(c) = -c**3 - 59*c**2 + 2209*c - 30. Let d be q(-85). Let w(n) = 4*n**2 - 2*n - 1. Let u be w(-1). Calculate the highest common factor of u and d.
5
Let l be -30 + 8823 + 65/(-5). What is the highest common divisor of l and 60?
20
Let n = 9 - 6. Suppose c + 47 = n*k, -3*k - 303 = 5*c - k. Let t = 72 + c. Calculate the highest common factor of t and 65.
13
Let q = 55 + -55. Suppose -b = 4*y + 3*b - 88, -3*y - 4*b + 62 = q. What is the greatest common factor of y and 52?
26
Let f(t) = -t**2 - 266*t - 2194. Let y be f(-9). Calculate the greatest common divisor of 4471 and y.
17
Suppose -5*k - 8*v = -3*v - 115, -2*v + 8 = 0. Suppose -2*y = 7*x + 11, 0 = 3*y - 5*y - x + k. Calculate the highest common divisor of 5 and y.
1
Let z = 979 + 483. What is the greatest common divisor of 238 and z?
34
Let m be 1 - (-189)/(-6)*-2. Let o = 89 - m. Let y(x) = x + 28. Let j be y(-23). What is the greatest common factor of j and o?
5
Let n(i) = 2*i**2 - 4*i. Suppose -3*a - 4*q = -38, 3*q - 5 = 10. Let h be n(a). Let v = -21792 - -21828. What is the highest common factor of h and v?
12
Let